{"id":728,"date":"2024-05-28T11:22:43","date_gmt":"2024-05-28T14:22:43","guid":{"rendered":"https:\/\/corrosionx.com.br\/?page_id=728"},"modified":"2025-11-07T08:28:16","modified_gmt":"2025-11-07T11:28:16","slug":"ferramentas","status":"publish","type":"page","link":"https:\/\/corrosionx.com.br\/index.php\/ferramentas\/","title":{"rendered":"Preservando suas ferramentas com CorrosionX"},"content":{"rendered":"\n<p>Utilizar CorrosionX em ferramentas oferece v\u00e1rios benef\u00edcios, incluindo:<\/p>\n\n\n\n<ol class=\"wp-block-list\">\n<li><strong>Prote\u00e7\u00e3o contra Corros\u00e3o<\/strong>: <strong><em>Corrosion<mark style=\"background-color:rgba(0, 0, 0, 0)\" class=\"has-inline-color has-vivid-red-color\">X<\/mark><\/em><\/strong> \u00e9 excelente para prevenir a ferrugem e a corros\u00e3o, prolongando a vida \u00fatil das ferramentas, especialmente em ambientes \u00famidos ou expostos a elementos corrosivos.<\/li>\n\n\n\n<li><strong>Lubrifica\u00e7\u00e3o<\/strong>: Al\u00e9m de proteger contra a corros\u00e3o, <strong><em>Corrosion<mark style=\"background-color:rgba(0, 0, 0, 0)\" class=\"has-inline-color has-vivid-red-color\">X<\/mark><\/em><\/strong> atua como um lubrificante, facilitando o uso de ferramentas m\u00f3veis, como alicates, chaves ajust\u00e1veis e dobradi\u00e7as.<\/li>\n\n\n\n<li><strong>Penetra\u00e7\u00e3o<\/strong>: O produto penetra em \u00e1reas de dif\u00edcil acesso, soltando parafusos enferrujados e outras partes m\u00f3veis que podem estar presas.<\/li>\n\n\n\n<li><strong>Deslocamento de \u00c1gua<\/strong>: <strong><em>Corrosion<mark style=\"background-color:rgba(0, 0, 0, 0)\" class=\"has-inline-color has-vivid-red-color\">X<\/mark><\/em><\/strong> desloca a umidade das superf\u00edcies met\u00e1licas, ajudando a prevenir a forma\u00e7\u00e3o de ferrugem ap\u00f3s a exposi\u00e7\u00e3o \u00e0 \u00e1gua.<\/li>\n\n\n\n<li><strong>Prote\u00e7\u00e3o de Longa Dura\u00e7\u00e3o<\/strong>: Uma \u00fanica aplica\u00e7\u00e3o pode fornecer prote\u00e7\u00e3o por um per\u00edodo prolongado, reduzindo a necessidade de manuten\u00e7\u00e3o frequente.<\/li>\n\n\n\n<li><strong>Resist\u00eancia a Altas Temperaturas<\/strong>: O produto mant\u00e9m suas propriedades protetoras e lubrificantes mesmo em condi\u00e7\u00f5es de altas temperaturas, tornando-o ideal para ferramentas usadas em ambientes industriais.<\/li>\n\n\n\n<li><strong>N\u00e3o Condutivo<\/strong>: <strong><em>Corrosion<mark style=\"background-color:rgba(0, 0, 0, 0)\" class=\"has-inline-color has-vivid-red-color\">X<\/mark><\/em><\/strong> \u00e9 seguro para uso em equipamentos el\u00e9tricos e eletr\u00f4nicos, pois n\u00e3o conduz eletricidade, evitando curtos-circuitos e danos a componentes sens\u00edveis.<\/li>\n\n\n\n<li><strong>Facilidade de Aplica\u00e7\u00e3o<\/strong>: \u00c9 f\u00e1cil de aplicar e pode ser usado em uma variedade de superf\u00edcies met\u00e1licas, tornando-se uma solu\u00e7\u00e3o vers\u00e1til para a manuten\u00e7\u00e3o de ferramentas.<\/li>\n<\/ol>\n\n\n\n<p>Esses benef\u00edcios fazem do <strong><em>Corrosion<mark style=\"background-color:rgba(0, 0, 0, 0)\" class=\"has-inline-color has-vivid-red-color\">X<\/mark><\/em><\/strong> uma escolha popular para manter ferramentas em boas condi\u00e7\u00f5es de funcionamento e prolongar sua vida \u00fatil.<\/p>\n\n\n\n<p>O produto mais indicado para uso em ferramentas \u00e9 o CorrosionX Marine (<a href=\"https:\/\/corrosionx.com.br\/index.php\/corrosionx-marine\/\" target=\"_blank\" rel=\"noreferrer noopener\">veja mais<\/a>).<\/p>\n","protected":false},"excerpt":{"rendered":"<p>Utilizar CorrosionX em ferramentas oferece v\u00e1rios benef\u00edcios, incluindo: Esses benef\u00edcios fazem do CorrosionX uma escolha popular para manter ferramenta<\/p>\n","protected":false},"author":1,"featured_media":0,"parent":0,"menu_order":0,"comment_status":"closed","ping_status":"closed","template":"","meta":{"footnotes":""},"class_list":["post-728","page","type-page","status-publish","hentry"],"yoast_head":"<!-- This site is optimized with the Yoast SEO plugin v27.4 - https:\/\/yoast.com\/product\/yoast-seo-wordpress\/ -->\n<title>Prevenindo a ferrugem em ferramentas com CorrosionX<\/title>\n<meta name=\"description\" content=\"CorrosionX protege ferramentas contra corros\u00e3o e umidade, lubrifica e reduz desgaste. Ideal para oficinas, ind\u00fastrias e uso profissional.\" \/>\n<meta name=\"robots\" content=\"index, follow, max-snippet:-1, max-image-preview:large, max-video-preview:-1\" \/>\n<link rel=\"canonical\" href=\"https:\/\/corrosionx.com.br\/index.php\/ferramentas\/\" \/>\n<meta property=\"og:locale\" content=\"pt_BR\" \/>\n<meta property=\"og:type\" content=\"article\" \/>\n<meta property=\"og:title\" content=\"Prevenindo a ferrugem em ferramentas com CorrosionX\" \/>\n<meta property=\"og:description\" content=\"CorrosionX protege ferramentas contra corros\u00e3o e umidade, lubrifica e reduz desgaste. Ideal para oficinas, ind\u00fastrias e uso profissional.\" \/>\n<meta property=\"og:url\" content=\"https:\/\/corrosionx.com.br\/index.php\/ferramentas\/\" \/>\n<meta property=\"og:site_name\" content=\"CorrosionX\" \/>\n<meta property=\"article:publisher\" content=\"https:\/\/www.facebook.com\/CorrosionXBrasil\" \/>\n<meta property=\"article:modified_time\" content=\"2025-11-07T11:28:16+00:00\" \/>\n<meta name=\"twitter:card\" content=\"summary_large_image\" \/>\n<meta name=\"twitter:label1\" content=\"Est. tempo de leitura\" \/>\n\t<meta name=\"twitter:data1\" content=\"2 minutos\" \/>\n<script type=\"application\/ld+json\" class=\"yoast-schema-graph\">{\"@context\":\"https:\\\/\\\/schema.org\",\"@graph\":[{\"@type\":\"WebPage\",\"@id\":\"https:\\\/\\\/corrosionx.com.br\\\/index.php\\\/ferramentas\\\/\",\"url\":\"https:\\\/\\\/corrosionx.com.br\\\/index.php\\\/ferramentas\\\/\",\"name\":\"Prevenindo a ferrugem em ferramentas com CorrosionX\",\"isPartOf\":{\"@id\":\"https:\\\/\\\/corrosionx.com.br\\\/#website\"},\"datePublished\":\"2024-05-28T14:22:43+00:00\",\"dateModified\":\"2025-11-07T11:28:16+00:00\",\"description\":\"CorrosionX protege ferramentas contra corros\u00e3o e umidade, lubrifica e reduz desgaste. Ideal para oficinas, ind\u00fastrias e uso profissional.\",\"breadcrumb\":{\"@id\":\"https:\\\/\\\/corrosionx.com.br\\\/index.php\\\/ferramentas\\\/#breadcrumb\"},\"inLanguage\":\"pt-BR\",\"potentialAction\":[{\"@type\":\"ReadAction\",\"target\":[\"https:\\\/\\\/corrosionx.com.br\\\/index.php\\\/ferramentas\\\/\"]}]},{\"@type\":\"BreadcrumbList\",\"@id\":\"https:\\\/\\\/corrosionx.com.br\\\/index.php\\\/ferramentas\\\/#breadcrumb\",\"itemListElement\":[{\"@type\":\"ListItem\",\"position\":1,\"name\":\"In\u00edcio\",\"item\":\"https:\\\/\\\/corrosionx.com.br\\\/\"},{\"@type\":\"ListItem\",\"position\":2,\"name\":\"Preservando suas ferramentas com CorrosionX\"}]},{\"@type\":\"WebSite\",\"@id\":\"https:\\\/\\\/corrosionx.com.br\\\/#website\",\"url\":\"https:\\\/\\\/corrosionx.com.br\\\/\",\"name\":\"CorrosionX\",\"description\":\"Lubrificante de alta performance\",\"publisher\":{\"@id\":\"https:\\\/\\\/corrosionx.com.br\\\/#organization\"},\"potentialAction\":[{\"@type\":\"SearchAction\",\"target\":{\"@type\":\"EntryPoint\",\"urlTemplate\":\"https:\\\/\\\/corrosionx.com.br\\\/?s={search_term_string}\"},\"query-input\":{\"@type\":\"PropertyValueSpecification\",\"valueRequired\":true,\"valueName\":\"search_term_string\"}}],\"inLanguage\":\"pt-BR\"},{\"@type\":\"Organization\",\"@id\":\"https:\\\/\\\/corrosionx.com.br\\\/#organization\",\"name\":\"CorrosionX\",\"url\":\"https:\\\/\\\/corrosionx.com.br\\\/\",\"logo\":{\"@type\":\"ImageObject\",\"inLanguage\":\"pt-BR\",\"@id\":\"https:\\\/\\\/corrosionx.com.br\\\/#\\\/schema\\\/logo\\\/image\\\/\",\"url\":\"https:\\\/\\\/corrosionx.com.br\\\/wp-content\\\/uploads\\\/2020\\\/03\\\/logo-peq.jpg\",\"contentUrl\":\"https:\\\/\\\/corrosionx.com.br\\\/wp-content\\\/uploads\\\/2020\\\/03\\\/logo-peq.jpg\",\"width\":220,\"height\":40,\"caption\":\"CorrosionX\"},\"image\":{\"@id\":\"https:\\\/\\\/corrosionx.com.br\\\/#\\\/schema\\\/logo\\\/image\\\/\"},\"sameAs\":[\"https:\\\/\\\/www.facebook.com\\\/CorrosionXBrasil\",\"https:\\\/\\\/www.instagram.com\\\/corrosionx\\\/\"]}]}<\/script>\n<!-- \/ Yoast SEO plugin. -->","yoast_head_json":{"title":"Prevenindo a ferrugem em ferramentas com CorrosionX","description":"CorrosionX protege ferramentas contra corros\u00e3o e umidade, lubrifica e reduz desgaste. Ideal para oficinas, ind\u00fastrias e uso profissional.","robots":{"index":"index","follow":"follow","max-snippet":"max-snippet:-1","max-image-preview":"max-image-preview:large","max-video-preview":"max-video-preview:-1"},"canonical":"https:\/\/corrosionx.com.br\/index.php\/ferramentas\/","og_locale":"pt_BR","og_type":"article","og_title":"Prevenindo a ferrugem em ferramentas com CorrosionX","og_description":"CorrosionX protege ferramentas contra corros\u00e3o e umidade, lubrifica e reduz desgaste. Ideal para oficinas, ind\u00fastrias e uso profissional.","og_url":"https:\/\/corrosionx.com.br\/index.php\/ferramentas\/","og_site_name":"CorrosionX","article_publisher":"https:\/\/www.facebook.com\/CorrosionXBrasil","article_modified_time":"2025-11-07T11:28:16+00:00","twitter_card":"summary_large_image","twitter_misc":{"Est. tempo de leitura":"2 minutos"},"schema":{"@context":"https:\/\/schema.org","@graph":[{"@type":"WebPage","@id":"https:\/\/corrosionx.com.br\/index.php\/ferramentas\/","url":"https:\/\/corrosionx.com.br\/index.php\/ferramentas\/","name":"Prevenindo a ferrugem em ferramentas com CorrosionX","isPartOf":{"@id":"https:\/\/corrosionx.com.br\/#website"},"datePublished":"2024-05-28T14:22:43+00:00","dateModified":"2025-11-07T11:28:16+00:00","description":"CorrosionX protege ferramentas contra corros\u00e3o e umidade, lubrifica e reduz desgaste. Ideal para oficinas, ind\u00fastrias e uso profissional.","breadcrumb":{"@id":"https:\/\/corrosionx.com.br\/index.php\/ferramentas\/#breadcrumb"},"inLanguage":"pt-BR","potentialAction":[{"@type":"ReadAction","target":["https:\/\/corrosionx.com.br\/index.php\/ferramentas\/"]}]},{"@type":"BreadcrumbList","@id":"https:\/\/corrosionx.com.br\/index.php\/ferramentas\/#breadcrumb","itemListElement":[{"@type":"ListItem","position":1,"name":"In\u00edcio","item":"https:\/\/corrosionx.com.br\/"},{"@type":"ListItem","position":2,"name":"Preservando suas ferramentas com CorrosionX"}]},{"@type":"WebSite","@id":"https:\/\/corrosionx.com.br\/#website","url":"https:\/\/corrosionx.com.br\/","name":"CorrosionX","description":"Lubrificante de alta performance","publisher":{"@id":"https:\/\/corrosionx.com.br\/#organization"},"potentialAction":[{"@type":"SearchAction","target":{"@type":"EntryPoint","urlTemplate":"https:\/\/corrosionx.com.br\/?s={search_term_string}"},"query-input":{"@type":"PropertyValueSpecification","valueRequired":true,"valueName":"search_term_string"}}],"inLanguage":"pt-BR"},{"@type":"Organization","@id":"https:\/\/corrosionx.com.br\/#organization","name":"CorrosionX","url":"https:\/\/corrosionx.com.br\/","logo":{"@type":"ImageObject","inLanguage":"pt-BR","@id":"https:\/\/corrosionx.com.br\/#\/schema\/logo\/image\/","url":"https:\/\/corrosionx.com.br\/wp-content\/uploads\/2020\/03\/logo-peq.jpg","contentUrl":"https:\/\/corrosionx.com.br\/wp-content\/uploads\/2020\/03\/logo-peq.jpg","width":220,"height":40,"caption":"CorrosionX"},"image":{"@id":"https:\/\/corrosionx.com.br\/#\/schema\/logo\/image\/"},"sameAs":["https:\/\/www.facebook.com\/CorrosionXBrasil","https:\/\/www.instagram.com\/corrosionx\/"]}]}},"_links":{"self":[{"href":"https:\/\/corrosionx.com.br\/index.php\/wp-json\/wp\/v2\/pages\/728","targetHints":{"allow":["GET"]}}],"collection":[{"href":"https:\/\/corrosionx.com.br\/index.php\/wp-json\/wp\/v2\/pages"}],"about":[{"href":"https:\/\/corrosionx.com.br\/index.php\/wp-json\/wp\/v2\/types\/page"}],"author":[{"embeddable":true,"href":"https:\/\/corrosionx.com.br\/index.php\/wp-json\/wp\/v2\/users\/1"}],"replies":[{"embeddable":true,"href":"https:\/\/corrosionx.com.br\/index.php\/wp-json\/wp\/v2\/comments?post=728"}],"version-history":[{"count":3,"href":"https:\/\/corrosionx.com.br\/index.php\/wp-json\/wp\/v2\/pages\/728\/revisions"}],"predecessor-version":[{"id":732,"href":"https:\/\/corrosionx.com.br\/index.php\/wp-json\/wp\/v2\/pages\/728\/revisions\/732"}],"wp:attachment":[{"href":"https:\/\/corrosionx.com.br\/index.php\/wp-json\/wp\/v2\/media?parent=728"}],"curies":[{"name":"wp","href":"https:\/\/api.w.org\/{rel}","templated":true}]}}