{"id":667,"date":"2023-12-23T19:37:57","date_gmt":"2023-12-23T22:37:57","guid":{"rendered":"https:\/\/corrosionx.com.br\/?page_id=667"},"modified":"2025-11-07T08:32:20","modified_gmt":"2025-11-07T11:32:20","slug":"tecnologia","status":"publish","type":"page","link":"https:\/\/corrosionx.com.br\/index.php\/tecnologia\/","title":{"rendered":"Tecnologia"},"content":{"rendered":"\n<h2 class=\"wp-block-heading has-medium-font-size\"><mark style=\"background-color:rgba(0, 0, 0, 0)\" class=\"has-inline-color has-vivid-red-color\">Ades\u00e3o Polar<\/mark><\/h2>\n\n\n\n<p>O <strong><em><strong><em>Corrosion<span style=\"color: red;\">X<\/span><\/em><\/strong><\/em><\/strong> \u00e9 o inibidor de corros\u00e3o, lubrificante e penetrante mais avan\u00e7ado e eficaz do mundo! Embora possa parecer um spray antiferrugem comum \u00e0 base de \u00f3leo, <strong><em><strong><em>Corrosion<span style=\"color: red;\">X<\/span><\/em><\/strong><\/em><\/strong> utiliza uma tecnologia revolucion\u00e1ria chamada Ades\u00e3o Polar\u2122, que faz muito mais do que simplesmente retardar o processo de corros\u00e3o, como os chamados &#8216;inibidores de corros\u00e3o&#8217;. <strong><em><strong><em>Corrosion<span style=\"color: red;\">X<\/span><\/em><\/strong><\/em><\/strong> realmente elimina a ferrugem e a corros\u00e3o existentes (evitando sua propaga\u00e7\u00e3o) e oferece prote\u00e7\u00e3o de longo prazo contra a ferrugem e corros\u00e3o em qualquer superf\u00edcie de metal.<\/p>\n\n\n\n<p><a href=\"http:\/\/corrosionx.com.br\/wp-content\/uploads\/2023\/12\/adesao-polar.pdf\" target=\"_blank\" rel=\"noreferrer noopener\">Veja aqui uma ilustra\u00e7\u00e3o de como funciona a Ades\u00e3o Polar.<\/a><\/p>\n\n\n\n<h2 class=\"wp-block-heading has-medium-font-size\"><mark style=\"background-color:rgba(0, 0, 0, 0)\" class=\"has-inline-color has-vivid-red-color\">Tecnologia de Pel\u00edcula Protetora Fluida<\/mark><\/h2>\n\n\n\n<p><strong><em><strong><em>Corrosion<span style=\"color: red;\">X<\/span><\/em><\/strong><\/em><\/strong> \u00e9 o \u00fanico produto dispon\u00edvel ao p\u00fablico que atende aos rigorosos requisitos de desempenho de preven\u00e7\u00e3o e controle de corros\u00e3o da Marinha dos Estados Unidos, conforme especificado na <a href=\"https:\/\/corrosionx.com.br\/index.php\/mil-prf-81309\/\" target=\"_blank\" rel=\"noreferrer noopener\">MIL-PRF-81309H<\/a>. Devido \u00e0 Ades\u00e3o Polar, o <strong><em><strong><em>Corrosion<span style=\"color: red;\">X<\/span><\/em><\/strong><\/em><\/strong> faz com que metais comuns e ligas met\u00e1licas, como ferro, a\u00e7o, a\u00e7o inoxid\u00e1vel, alum\u00ednio, cobre, lat\u00e3o, bronze, etc., se comportem quimicamente mais como metais nobres, como ouro e platina. Em outras palavras, enquanto o <strong><em><strong><em>Corrosion<span style=\"color: red;\">X<\/span><\/em><\/strong><\/em><\/strong> estiver presente no metal, ele n\u00e3o ir\u00e1 enferrujar ou corroer! O <strong><em><strong><em>Corrosion<span style=\"color: red;\">X<\/span><\/em><\/strong><\/em><\/strong> tamb\u00e9m possui alta rigidez diel\u00e9trica, sendo seguro para eletr\u00f4nicos e interrompendo completamente a eletr\u00f3lise entre metais diferentes. Utilize <strong><em><strong><em>Corrosion<span style=\"color: red;\">X<\/span><\/em><\/strong><\/em><\/strong> sempre que desejar controlar a corros\u00e3o sem aplica\u00e7\u00e3o de tinta. Uma leve aplica\u00e7\u00e3o de <strong><em><strong><em>Corrosion<span style=\"color: red;\">X<\/span><\/em><\/strong><\/em><\/strong> em motores de popa, grupos geradores e motores algumas vezes por ano os manter\u00e1 com apar\u00eancia de novos, mesmo em ambientes mar\u00edtimos ou de alta umidade. Para saber mais sobre a Ades\u00e3o Polar, visite nossa p\u00e1gina de Ades\u00e3o Polar. <\/p>\n\n\n\n<h2 class=\"wp-block-heading has-medium-font-size\"><mark style=\"background-color:rgba(0, 0, 0, 0)\" class=\"has-inline-color has-vivid-red-color\">Um Lubrificante Inovador<\/mark><\/h2>\n\n\n\n<p>A formula\u00e7\u00e3o \u00fanica do <strong><em><strong><em>Corrosion<span style=\"color: red;\">X<\/span><\/em><\/strong><\/em><\/strong> oferece diversas vantagens em rela\u00e7\u00e3o aos lubrificantes em spray convencionais. Por aderir ao metal como um \u00edm\u00e3, ele n\u00e3o pode ser facilmente deslocado pela press\u00e3o, fric\u00e7\u00e3o ou umidade. Ele lubrifica sob cargas extremas e altas temperaturas. Al\u00e9m de lubrificar melhor, <strong><em><strong><em>Corrosion<span style=\"color: red;\">X<\/span><\/em><\/strong><\/em><\/strong> dura muitas vezes mais! Isso \u00e9 especialmente verdadeiro em ambientes externos, costeiros e mar\u00edtimos, onde a exposi\u00e7\u00e3o direta \u00e0 chuva e \u00e0 n\u00e9voa do mar rapidamente deslocaria lubrificantes comuns. Use o <strong><em><strong><em>Corrosion<span style=\"color: red;\">X<\/span><\/em><\/strong><\/em><\/strong> em polias, dobradi\u00e7as, fechaduras, cabos e cabos de a\u00e7o, guinchos ou qualquer pe\u00e7a de metal que necessite de lubrifica\u00e7\u00e3o. \u00c9 ideal para carretilhas de pesca e armas de fogo.<\/p>\n\n\n\n<h2 class=\"wp-block-heading has-medium-font-size\"><mark style=\"background-color:rgba(0, 0, 0, 0)\" class=\"has-inline-color has-vivid-red-color\">Penetrante Imbat\u00edvel <\/mark><\/h2>\n\n\n\n<p>O <strong><em><strong><em>Corrosion<span style=\"color: red;\">X<\/span><\/em><\/strong><\/em><\/strong> tamb\u00e9m penetra mais r\u00e1pido e mais profundamente do que qualquer desengripante que voc\u00ea j\u00e1 tenha usado. Porcas, parafusos ou conex\u00f5es corro\u00eddas ou enferrujadas geralmente podem ser desmontados em poucos minutos. At\u00e9 mesmo itens que voc\u00ea acredita estar completamente emperrados podem geralmente ser salvos e retornados ao servi\u00e7o. Assista atentamente a este <a href=\"https:\/\/www.youtube.com\/watch?v=9ag3-e7qCWg\" target=\"_blank\" rel=\"noreferrer noopener\">v\u00eddeo<\/a>! Devido \u00e0 sua exclusiva Ades\u00e3o Polar, o CorrosionX \u00e9 um penetrante t\u00e3o incr\u00edvel que desafia a gravidade e sobe diretamente por este parafuso de 3&#8243;! <\/p>\n\n\n\n<h2 class=\"wp-block-heading has-medium-font-size\"><mark style=\"background-color:rgba(0, 0, 0, 0)\" class=\"has-inline-color has-vivid-red-color\">Seguro em Eletr\u00f4nicos <\/mark><\/h2>\n\n\n\n<p>\u00c1gua e eletr\u00f4nicos n\u00e3o se misturam. At\u00e9 agora, n\u00e3o havia muitas op\u00e7\u00f5es para proteger ou restaurar eletr\u00f4nicos contra a umidade. A tecnologia exclusiva de Pel\u00edcula Protetora Fluida e Ades\u00e3o Polar do <strong><em><strong><em>Corrosion<span style=\"color: red;\">X<\/span><\/em><\/strong><\/em><\/strong> repele a umidade e envolve o metal com um revestimento diel\u00e9trico de auto-regenera\u00e7\u00e3o. Embora o <strong><em><strong><em>Corrosion<span style=\"color: red;\">X<\/span><\/em><\/strong><\/em><\/strong> tenha uma propriedade diel\u00e9trica superior a 39.000 volts, devido \u00e0 sua forma\u00e7\u00e3o de um filme ultrafino, ele n\u00e3o interfere nos eletr\u00f4nicos nem na dissipa\u00e7\u00e3o de calor. \u00c9 um item essencial para todos os terminais de bateria mar\u00edtima e um produto essencial para miss\u00f5es cr\u00edticas de drones e todos os entusiastas de controle remoto.<\/p>\n\n\n\n<p>Veja alguns <a href=\"https:\/\/corrosionx.com.br\/index.php\/videos#eletronicos\" target=\"_blank\" rel=\"noreferrer noopener\">exemplos de aplica\u00e7\u00e3o<\/a> em equipamentos eletr\u00f4nicos.<\/p>\n\n\n\n<h2 class=\"wp-block-heading has-medium-font-size\"><mark style=\"background-color:rgba(0, 0, 0, 0)\" class=\"has-inline-color has-vivid-red-color\">Produto de Impacto Ambiental M\u00ednimo<\/mark><\/h2>\n\n\n\n<p>O conte\u00fado org\u00e2nico vol\u00e1til (geralmente abreviado como VOC) do <strong><em><strong><em>Corrosion<span style=\"color: red;\">X<\/span><\/em><\/strong><\/em><\/strong> agora \u00e9 ZERO. Compare isso com a maioria dos produtos na categoria de lubrificantes em spray, que podem ter 50% ou mais de VOC (por exemplo, de acordo com sua atual Ficha de Dados de Seguran\u00e7a, o WD-40 possui 49,5% de solvente). Isso significa que o <strong><em><strong><em>Corrosion<span style=\"color: red;\">X<\/span><\/em><\/strong><\/em><\/strong> \u00e9 menos agressivo para voc\u00ea, seu equipamento e o meio ambiente.<\/p>\n","protected":false},"excerpt":{"rendered":"<p>Ades\u00e3o Polar O CorrosionX \u00e9 o inibidor de corros\u00e3o, lubrificante e penetrante mais avan\u00e7ado e eficaz do mundo! Embora possa parecer um spray antiferrug<\/p>\n","protected":false},"author":1,"featured_media":0,"parent":0,"menu_order":0,"comment_status":"closed","ping_status":"closed","template":"","meta":{"footnotes":""},"class_list":["post-667","page","type-page","status-publish","hentry"],"yoast_head":"<!-- This site is optimized with the Yoast SEO plugin v27.4 - https:\/\/yoast.com\/product\/yoast-seo-wordpress\/ -->\n<title>Tecnologia CorrosionX, ades\u00e3o polar, prote\u00e7\u00e3o contra corros\u00e3o<\/title>\n<meta name=\"description\" content=\"Entenda a exclusiva ades\u00e3o polar do CorrosionX: prote\u00e7\u00e3o superior, repel\u00eancia \u00e0 \u00e1gua e lubricidade para ind\u00fastria e eletr\u00f4nicos.\" \/>\n<meta name=\"robots\" content=\"index, follow, max-snippet:-1, max-image-preview:large, max-video-preview:-1\" \/>\n<link rel=\"canonical\" href=\"https:\/\/corrosionx.com.br\/index.php\/tecnologia\/\" \/>\n<meta property=\"og:locale\" content=\"pt_BR\" \/>\n<meta property=\"og:type\" content=\"article\" \/>\n<meta property=\"og:title\" content=\"Tecnologia CorrosionX, ades\u00e3o polar, prote\u00e7\u00e3o contra corros\u00e3o\" \/>\n<meta property=\"og:description\" content=\"Entenda a exclusiva ades\u00e3o polar do CorrosionX: prote\u00e7\u00e3o superior, repel\u00eancia \u00e0 \u00e1gua e lubricidade para ind\u00fastria e eletr\u00f4nicos.\" \/>\n<meta property=\"og:url\" content=\"https:\/\/corrosionx.com.br\/index.php\/tecnologia\/\" \/>\n<meta property=\"og:site_name\" content=\"CorrosionX\" \/>\n<meta property=\"article:publisher\" content=\"https:\/\/www.facebook.com\/CorrosionXBrasil\" \/>\n<meta property=\"article:modified_time\" content=\"2025-11-07T11:32:20+00:00\" \/>\n<meta name=\"twitter:card\" content=\"summary_large_image\" \/>\n<meta name=\"twitter:label1\" content=\"Est. tempo de leitura\" \/>\n\t<meta name=\"twitter:data1\" content=\"4 minutos\" \/>\n<script type=\"application\/ld+json\" class=\"yoast-schema-graph\">{\"@context\":\"https:\\\/\\\/schema.org\",\"@graph\":[{\"@type\":\"WebPage\",\"@id\":\"https:\\\/\\\/corrosionx.com.br\\\/index.php\\\/tecnologia\\\/\",\"url\":\"https:\\\/\\\/corrosionx.com.br\\\/index.php\\\/tecnologia\\\/\",\"name\":\"Tecnologia CorrosionX, ades\u00e3o polar, prote\u00e7\u00e3o contra corros\u00e3o\",\"isPartOf\":{\"@id\":\"https:\\\/\\\/corrosionx.com.br\\\/#website\"},\"datePublished\":\"2023-12-23T22:37:57+00:00\",\"dateModified\":\"2025-11-07T11:32:20+00:00\",\"description\":\"Entenda a exclusiva ades\u00e3o polar do CorrosionX: prote\u00e7\u00e3o superior, repel\u00eancia \u00e0 \u00e1gua e lubricidade para ind\u00fastria e eletr\u00f4nicos.\",\"breadcrumb\":{\"@id\":\"https:\\\/\\\/corrosionx.com.br\\\/index.php\\\/tecnologia\\\/#breadcrumb\"},\"inLanguage\":\"pt-BR\",\"potentialAction\":[{\"@type\":\"ReadAction\",\"target\":[\"https:\\\/\\\/corrosionx.com.br\\\/index.php\\\/tecnologia\\\/\"]}]},{\"@type\":\"BreadcrumbList\",\"@id\":\"https:\\\/\\\/corrosionx.com.br\\\/index.php\\\/tecnologia\\\/#breadcrumb\",\"itemListElement\":[{\"@type\":\"ListItem\",\"position\":1,\"name\":\"In\u00edcio\",\"item\":\"https:\\\/\\\/corrosionx.com.br\\\/\"},{\"@type\":\"ListItem\",\"position\":2,\"name\":\"Tecnologia\"}]},{\"@type\":\"WebSite\",\"@id\":\"https:\\\/\\\/corrosionx.com.br\\\/#website\",\"url\":\"https:\\\/\\\/corrosionx.com.br\\\/\",\"name\":\"CorrosionX\",\"description\":\"Lubrificante de alta performance\",\"publisher\":{\"@id\":\"https:\\\/\\\/corrosionx.com.br\\\/#organization\"},\"potentialAction\":[{\"@type\":\"SearchAction\",\"target\":{\"@type\":\"EntryPoint\",\"urlTemplate\":\"https:\\\/\\\/corrosionx.com.br\\\/?s={search_term_string}\"},\"query-input\":{\"@type\":\"PropertyValueSpecification\",\"valueRequired\":true,\"valueName\":\"search_term_string\"}}],\"inLanguage\":\"pt-BR\"},{\"@type\":\"Organization\",\"@id\":\"https:\\\/\\\/corrosionx.com.br\\\/#organization\",\"name\":\"CorrosionX\",\"url\":\"https:\\\/\\\/corrosionx.com.br\\\/\",\"logo\":{\"@type\":\"ImageObject\",\"inLanguage\":\"pt-BR\",\"@id\":\"https:\\\/\\\/corrosionx.com.br\\\/#\\\/schema\\\/logo\\\/image\\\/\",\"url\":\"https:\\\/\\\/corrosionx.com.br\\\/wp-content\\\/uploads\\\/2020\\\/03\\\/logo-peq.jpg\",\"contentUrl\":\"https:\\\/\\\/corrosionx.com.br\\\/wp-content\\\/uploads\\\/2020\\\/03\\\/logo-peq.jpg\",\"width\":220,\"height\":40,\"caption\":\"CorrosionX\"},\"image\":{\"@id\":\"https:\\\/\\\/corrosionx.com.br\\\/#\\\/schema\\\/logo\\\/image\\\/\"},\"sameAs\":[\"https:\\\/\\\/www.facebook.com\\\/CorrosionXBrasil\",\"https:\\\/\\\/www.instagram.com\\\/corrosionx\\\/\"]}]}<\/script>\n<!-- \/ Yoast SEO plugin. -->","yoast_head_json":{"title":"Tecnologia CorrosionX, ades\u00e3o polar, prote\u00e7\u00e3o contra corros\u00e3o","description":"Entenda a exclusiva ades\u00e3o polar do CorrosionX: prote\u00e7\u00e3o superior, repel\u00eancia \u00e0 \u00e1gua e lubricidade para ind\u00fastria e eletr\u00f4nicos.","robots":{"index":"index","follow":"follow","max-snippet":"max-snippet:-1","max-image-preview":"max-image-preview:large","max-video-preview":"max-video-preview:-1"},"canonical":"https:\/\/corrosionx.com.br\/index.php\/tecnologia\/","og_locale":"pt_BR","og_type":"article","og_title":"Tecnologia CorrosionX, ades\u00e3o polar, prote\u00e7\u00e3o contra corros\u00e3o","og_description":"Entenda a exclusiva ades\u00e3o polar do CorrosionX: prote\u00e7\u00e3o superior, repel\u00eancia \u00e0 \u00e1gua e lubricidade para ind\u00fastria e eletr\u00f4nicos.","og_url":"https:\/\/corrosionx.com.br\/index.php\/tecnologia\/","og_site_name":"CorrosionX","article_publisher":"https:\/\/www.facebook.com\/CorrosionXBrasil","article_modified_time":"2025-11-07T11:32:20+00:00","twitter_card":"summary_large_image","twitter_misc":{"Est. tempo de leitura":"4 minutos"},"schema":{"@context":"https:\/\/schema.org","@graph":[{"@type":"WebPage","@id":"https:\/\/corrosionx.com.br\/index.php\/tecnologia\/","url":"https:\/\/corrosionx.com.br\/index.php\/tecnologia\/","name":"Tecnologia CorrosionX, ades\u00e3o polar, prote\u00e7\u00e3o contra corros\u00e3o","isPartOf":{"@id":"https:\/\/corrosionx.com.br\/#website"},"datePublished":"2023-12-23T22:37:57+00:00","dateModified":"2025-11-07T11:32:20+00:00","description":"Entenda a exclusiva ades\u00e3o polar do CorrosionX: prote\u00e7\u00e3o superior, repel\u00eancia \u00e0 \u00e1gua e lubricidade para ind\u00fastria e eletr\u00f4nicos.","breadcrumb":{"@id":"https:\/\/corrosionx.com.br\/index.php\/tecnologia\/#breadcrumb"},"inLanguage":"pt-BR","potentialAction":[{"@type":"ReadAction","target":["https:\/\/corrosionx.com.br\/index.php\/tecnologia\/"]}]},{"@type":"BreadcrumbList","@id":"https:\/\/corrosionx.com.br\/index.php\/tecnologia\/#breadcrumb","itemListElement":[{"@type":"ListItem","position":1,"name":"In\u00edcio","item":"https:\/\/corrosionx.com.br\/"},{"@type":"ListItem","position":2,"name":"Tecnologia"}]},{"@type":"WebSite","@id":"https:\/\/corrosionx.com.br\/#website","url":"https:\/\/corrosionx.com.br\/","name":"CorrosionX","description":"Lubrificante de alta performance","publisher":{"@id":"https:\/\/corrosionx.com.br\/#organization"},"potentialAction":[{"@type":"SearchAction","target":{"@type":"EntryPoint","urlTemplate":"https:\/\/corrosionx.com.br\/?s={search_term_string}"},"query-input":{"@type":"PropertyValueSpecification","valueRequired":true,"valueName":"search_term_string"}}],"inLanguage":"pt-BR"},{"@type":"Organization","@id":"https:\/\/corrosionx.com.br\/#organization","name":"CorrosionX","url":"https:\/\/corrosionx.com.br\/","logo":{"@type":"ImageObject","inLanguage":"pt-BR","@id":"https:\/\/corrosionx.com.br\/#\/schema\/logo\/image\/","url":"https:\/\/corrosionx.com.br\/wp-content\/uploads\/2020\/03\/logo-peq.jpg","contentUrl":"https:\/\/corrosionx.com.br\/wp-content\/uploads\/2020\/03\/logo-peq.jpg","width":220,"height":40,"caption":"CorrosionX"},"image":{"@id":"https:\/\/corrosionx.com.br\/#\/schema\/logo\/image\/"},"sameAs":["https:\/\/www.facebook.com\/CorrosionXBrasil","https:\/\/www.instagram.com\/corrosionx\/"]}]}},"_links":{"self":[{"href":"https:\/\/corrosionx.com.br\/index.php\/wp-json\/wp\/v2\/pages\/667","targetHints":{"allow":["GET"]}}],"collection":[{"href":"https:\/\/corrosionx.com.br\/index.php\/wp-json\/wp\/v2\/pages"}],"about":[{"href":"https:\/\/corrosionx.com.br\/index.php\/wp-json\/wp\/v2\/types\/page"}],"author":[{"embeddable":true,"href":"https:\/\/corrosionx.com.br\/index.php\/wp-json\/wp\/v2\/users\/1"}],"replies":[{"embeddable":true,"href":"https:\/\/corrosionx.com.br\/index.php\/wp-json\/wp\/v2\/comments?post=667"}],"version-history":[{"count":9,"href":"https:\/\/corrosionx.com.br\/index.php\/wp-json\/wp\/v2\/pages\/667\/revisions"}],"predecessor-version":[{"id":687,"href":"https:\/\/corrosionx.com.br\/index.php\/wp-json\/wp\/v2\/pages\/667\/revisions\/687"}],"wp:attachment":[{"href":"https:\/\/corrosionx.com.br\/index.php\/wp-json\/wp\/v2\/media?parent=667"}],"curies":[{"name":"wp","href":"https:\/\/api.w.org\/{rel}","templated":true}]}}