{"id":32,"date":"2020-03-29T10:15:25","date_gmt":"2020-03-29T13:15:25","guid":{"rendered":"http:\/\/corrosionx.com.br\/?page_id=32"},"modified":"2020-03-29T10:15:56","modified_gmt":"2020-03-29T13:15:56","slug":"empresa","status":"publish","type":"page","link":"https:\/\/corrosionx.com.br\/index.php\/empresa\/","title":{"rendered":"Empresa"},"content":{"rendered":"\n<p style=\"font-size: 11pt; font-family: Calibri, sans-serif; margin: 0px;\"><span style=\"color: #000000;\"><strong><span style=\"font-size: 14pt;\">Sobre a empresa<\/span><\/strong><\/span><\/p>\n<p style=\"font-size: 11pt; font-family: Calibri, sans-serif; margin: 0px;\"><span style=\"font-size: 12pt; color: #000000;\">Entusiasta do modelismo radio controlado, conheci o CorrosionX em 2004, por meio de uma revista chamada RCM Magazine (infelizmente extinta).<\/span><\/p>\n<p style=\"font-size: 11pt; font-family: Calibri, sans-serif; margin: 0px;\"><span style=\"font-size: 12pt; color: #000000;\">Por curiosidade, importei 2 unidades do produto \u00e0 fim de utiliz\u00e1-lo em meus r\u00e1dios e receptores. Uma das caracter\u00edsticas do produto \u00e9 sua alta rigidez diel\u00e9trica, o que torna o produto seguro para uso em equipamentos eletro-eletr\u00f4nicos, e resolvi explorar essa caracter\u00edstica do produto.<\/span><\/p>\n<p style=\"font-size: 11pt; font-family: Calibri, sans-serif; margin: 0px;\"><span style=\"font-size: 12pt; color: #000000;\">Apliquei CorrosionX em v\u00e1rios equipamentos eletr\u00f4nicos, como receiver, conex\u00f5es, receptor e transmissor de r\u00e1dio, uma velha TV (tipo CRT), conex\u00f5es de telefone, rede, conex\u00f5es RCA de \u00e1udio, al\u00e9m do uso b\u00e1sico do produto, como protetor contra corros\u00e3o.<\/span><\/p>\n<p style=\"font-size: 11pt; font-family: Calibri, sans-serif; margin: 0px;\">&nbsp;<\/p>\n<p style=\"font-size: 11pt; font-family: Calibri, sans-serif; margin: 0px;\"><span style=\"color: #000000;\"><strong><span style=\"font-size: 12pt;\">Bom, \u00e0 primeira vista, al\u00e9m de tudo estar protegido, n\u00e3o notei diferen\u00e7a alguma, mas ap\u00f3s 1 dia, notei algumas coisas interessantes:<\/span><\/strong><\/span><\/p>\n<p style=\"font-size: 11pt; font-family: Calibri, sans-serif; margin: 0px;\"><span style=\"font-size: 12pt; color: #000000;\">\u2022&nbsp;&nbsp;&nbsp;&nbsp;&nbsp;&nbsp;&nbsp;&nbsp;&nbsp;&nbsp;&nbsp;&nbsp; Aquele telefone que insistia em &#8220;chiar&#8221;, milagrosamente funcionou perfeitamente. A aplica\u00e7\u00e3o foi feita apenas na conex\u00e3o RJ11.<\/span><\/p>\n<p style=\"font-size: 11pt; font-family: Calibri, sans-serif; margin: 0px;\"><span style=\"font-size: 12pt; color: #000000;\">\u2022&nbsp;&nbsp;&nbsp;&nbsp;&nbsp;&nbsp;&nbsp;&nbsp;&nbsp;&nbsp;&nbsp;&nbsp; Um servo de asa de um aeromodelo, que insistia em &#8220;tremer&#8221;, estabilizou. Achava que o problema era do servo (Futaba anal\u00f3gico com 5kg de torque).<\/span><\/p>\n<p style=\"font-size: 11pt; font-family: Calibri, sans-serif; margin: 0px;\">&nbsp;<\/p>\n<p style=\"font-size: 11pt; font-family: Calibri, sans-serif; margin: 0px;\"><span style=\"font-size: 12pt; color: #000000;\">Fiquei imaginando o que havia acontecido, ele removeu a oxida\u00e7\u00e3o existente ou melhorou a conex\u00e3o? As duas coisas.<\/span><\/p>\n<p style=\"font-size: 11pt; font-family: Calibri, sans-serif; margin: 0px;\"><span style=\"font-size: 12pt; color: #000000;\">Fiz ent\u00e3o a seguinte experi\u00eancia constru\u00ed uma ponte de Kelvin e &#8220;concatenei&#8221;, 10 conectores RCA machos e f\u00eameas. Fiz 10 medi\u00e7\u00f5es da resist\u00eancia desses conectores usando essa ponte. Note que as pontes de prova estavam soldadas para evitar ao m\u00e1ximo qualquer varia\u00e7\u00e3o. Ap\u00f3s duas horas da aplica\u00e7\u00e3o houve uma redu\u00e7\u00e3o da resist\u00eancia de 20%.<\/span><\/p>\n<p style=\"font-size: 11pt; font-family: Calibri, sans-serif; margin: 0px;\"><span style=\"font-size: 12pt; color: #000000;\">Em 2005 iniciamos a negocia\u00e7\u00e3o junto \u00e0 Corrosion Technologies (Dallas-TX EUA) para importa\u00e7\u00e3o e comercializa\u00e7\u00e3o do CorrosionX para o mercado nacional este excelente produto.<\/span><\/p>\n<p style=\"font-size: 11pt; font-family: Calibri, sans-serif; margin: 0px;\"><span style=\"font-size: 12pt; color: #000000;\">No in\u00edcio de 2006 chega a primeira importa\u00e7\u00e3o do produto e aqui estamos, com mais de 500 revendas ativas em todo o Brasil.<\/span><\/p>\n<p style=\"font-size: 11pt; font-family: Calibri, sans-serif; margin: 0px;\"><span style=\"font-size: 12pt; color: #000000;\">Conquistamos clientes de v\u00e1rios segmentos, como industrial, residencial, n\u00e1utico, armamentos, esportivo, militar e etc.<\/span><\/p>\n<p style=\"font-size: 11pt; font-family: Calibri, sans-serif; margin: 0px;\"><span style=\"font-size: 12pt; color: #000000;\">Agradecemos \u00e0 todos que nessa caminhada nos apoiaram, seja com ideias, divulgando nosso produto, compartilhando nossos posts e principalmente n\u00e3o nos deixando desistir de nossos objetivos.<\/span><\/p>\n<p style=\"font-size: 11pt; font-family: Calibri, sans-serif; margin: 0px;\">&nbsp;<\/p>\n<p style=\"font-size: 11pt; font-family: Calibri, sans-serif; margin: 0px;\"><strong><span style=\"font-size: 14pt; color: #000000;\">Atenciosamente<\/span><\/strong><\/p>\n<p style=\"font-size: 11pt; font-family: Calibri, sans-serif; margin: 0px;\">&nbsp;<\/p>\n<p style=\"font-size: 11pt; font-family: Calibri, sans-serif; margin: 0px;\"><span style=\"font-size: 14pt;\"><strong><span style=\"color: #000000;\">Edison Raymundi Junior<\/span><\/strong><\/span><\/p>\n<p style=\"font-size: 11pt; font-family: Calibri, sans-serif; margin: 0px;\"><span style=\"font-size: 14pt; color: #000000;\">(11) 99213-3929<\/span><\/p>\n<p style=\"font-size: 11pt; font-family: Calibri, sans-serif; margin: 0px;\"><span style=\"font-size: 14pt; color: #000000;\">Afre Com\u00e9rcio, Importa\u00e7\u00e3o e Exporta\u00e7\u00e3o Ltda<\/span><\/p>\n<p style=\"font-size: 11pt; font-family: Calibri, sans-serif; margin: 0px;\"><span style=\"font-size: 14pt; color: #000000;\">Rua Iguatemi, 252 \u2013 Cj 103. &#8211; Itaim Bibi<\/span><\/p>\n<p style=\"font-size: 11pt; font-family: Calibri, sans-serif; margin: 0px;\"><span style=\"font-size: 14pt; color: #000000;\">01451-010 &#8211; S\u00e3o Paulo \u2013 SP<\/span><\/p>\n<p style=\"font-size: 11pt; font-family: Calibri, sans-serif; margin: 0px;\"><span style=\"font-size: 14pt; color: #000000;\">(11) 3168-0339 \/ (11) 3167-3559<\/span><\/p>\n","protected":false},"excerpt":{"rendered":"<p>Sobre a empresa Entusiasta do modelismo radio controlado, conheci o CorrosionX em 2004, por meio de uma revista chamada RCM Magazine (infelizmente extinta)<\/p>\n","protected":false},"author":1,"featured_media":0,"parent":0,"menu_order":0,"comment_status":"closed","ping_status":"closed","template":"","meta":{"footnotes":""},"class_list":["post-32","page","type-page","status-publish","hentry"],"yoast_head":"<!-- This site is optimized with the Yoast SEO plugin v27.5 - https:\/\/yoast.com\/product\/yoast-seo-wordpress\/ -->\n<title>Empresa - CorrosionX<\/title>\n<meta name=\"robots\" content=\"index, follow, max-snippet:-1, max-image-preview:large, max-video-preview:-1\" \/>\n<link rel=\"canonical\" href=\"https:\/\/corrosionx.com.br\/index.php\/empresa\/\" \/>\n<meta property=\"og:locale\" content=\"pt_BR\" \/>\n<meta property=\"og:type\" content=\"article\" \/>\n<meta property=\"og:title\" content=\"Empresa - CorrosionX\" \/>\n<meta property=\"og:description\" content=\"Sobre a empresa Entusiasta do modelismo radio controlado, conheci o CorrosionX em 2004, por meio de uma revista chamada RCM Magazine (infelizmente extinta)\" \/>\n<meta property=\"og:url\" content=\"https:\/\/corrosionx.com.br\/index.php\/empresa\/\" \/>\n<meta property=\"og:site_name\" content=\"CorrosionX\" \/>\n<meta property=\"article:publisher\" content=\"https:\/\/www.facebook.com\/CorrosionXBrasil\" \/>\n<meta property=\"article:modified_time\" content=\"2020-03-29T13:15:56+00:00\" \/>\n<meta name=\"twitter:card\" content=\"summary_large_image\" \/>\n<meta name=\"twitter:label1\" content=\"Est. tempo de leitura\" \/>\n\t<meta name=\"twitter:data1\" content=\"2 minutos\" \/>\n<script type=\"application\/ld+json\" class=\"yoast-schema-graph\">{\"@context\":\"https:\\\/\\\/schema.org\",\"@graph\":[{\"@type\":\"WebPage\",\"@id\":\"https:\\\/\\\/corrosionx.com.br\\\/index.php\\\/empresa\\\/\",\"url\":\"https:\\\/\\\/corrosionx.com.br\\\/index.php\\\/empresa\\\/\",\"name\":\"Empresa - CorrosionX\",\"isPartOf\":{\"@id\":\"https:\\\/\\\/corrosionx.com.br\\\/#website\"},\"datePublished\":\"2020-03-29T13:15:25+00:00\",\"dateModified\":\"2020-03-29T13:15:56+00:00\",\"breadcrumb\":{\"@id\":\"https:\\\/\\\/corrosionx.com.br\\\/index.php\\\/empresa\\\/#breadcrumb\"},\"inLanguage\":\"pt-BR\",\"potentialAction\":[{\"@type\":\"ReadAction\",\"target\":[\"https:\\\/\\\/corrosionx.com.br\\\/index.php\\\/empresa\\\/\"]}]},{\"@type\":\"BreadcrumbList\",\"@id\":\"https:\\\/\\\/corrosionx.com.br\\\/index.php\\\/empresa\\\/#breadcrumb\",\"itemListElement\":[{\"@type\":\"ListItem\",\"position\":1,\"name\":\"In\u00edcio\",\"item\":\"https:\\\/\\\/corrosionx.com.br\\\/\"},{\"@type\":\"ListItem\",\"position\":2,\"name\":\"Empresa\"}]},{\"@type\":\"WebSite\",\"@id\":\"https:\\\/\\\/corrosionx.com.br\\\/#website\",\"url\":\"https:\\\/\\\/corrosionx.com.br\\\/\",\"name\":\"CorrosionX\",\"description\":\"Lubrificante de alta performance\",\"publisher\":{\"@id\":\"https:\\\/\\\/corrosionx.com.br\\\/#organization\"},\"potentialAction\":[{\"@type\":\"SearchAction\",\"target\":{\"@type\":\"EntryPoint\",\"urlTemplate\":\"https:\\\/\\\/corrosionx.com.br\\\/?s={search_term_string}\"},\"query-input\":{\"@type\":\"PropertyValueSpecification\",\"valueRequired\":true,\"valueName\":\"search_term_string\"}}],\"inLanguage\":\"pt-BR\"},{\"@type\":\"Organization\",\"@id\":\"https:\\\/\\\/corrosionx.com.br\\\/#organization\",\"name\":\"CorrosionX\",\"url\":\"https:\\\/\\\/corrosionx.com.br\\\/\",\"logo\":{\"@type\":\"ImageObject\",\"inLanguage\":\"pt-BR\",\"@id\":\"https:\\\/\\\/corrosionx.com.br\\\/#\\\/schema\\\/logo\\\/image\\\/\",\"url\":\"https:\\\/\\\/corrosionx.com.br\\\/wp-content\\\/uploads\\\/2020\\\/03\\\/logo-peq.jpg\",\"contentUrl\":\"https:\\\/\\\/corrosionx.com.br\\\/wp-content\\\/uploads\\\/2020\\\/03\\\/logo-peq.jpg\",\"width\":220,\"height\":40,\"caption\":\"CorrosionX\"},\"image\":{\"@id\":\"https:\\\/\\\/corrosionx.com.br\\\/#\\\/schema\\\/logo\\\/image\\\/\"},\"sameAs\":[\"https:\\\/\\\/www.facebook.com\\\/CorrosionXBrasil\",\"https:\\\/\\\/www.instagram.com\\\/corrosionx\\\/\"]}]}<\/script>\n<!-- \/ Yoast SEO plugin. -->","yoast_head_json":{"title":"Empresa - CorrosionX","robots":{"index":"index","follow":"follow","max-snippet":"max-snippet:-1","max-image-preview":"max-image-preview:large","max-video-preview":"max-video-preview:-1"},"canonical":"https:\/\/corrosionx.com.br\/index.php\/empresa\/","og_locale":"pt_BR","og_type":"article","og_title":"Empresa - CorrosionX","og_description":"Sobre a empresa Entusiasta do modelismo radio controlado, conheci o CorrosionX em 2004, por meio de uma revista chamada RCM Magazine (infelizmente extinta)","og_url":"https:\/\/corrosionx.com.br\/index.php\/empresa\/","og_site_name":"CorrosionX","article_publisher":"https:\/\/www.facebook.com\/CorrosionXBrasil","article_modified_time":"2020-03-29T13:15:56+00:00","twitter_card":"summary_large_image","twitter_misc":{"Est. tempo de leitura":"2 minutos"},"schema":{"@context":"https:\/\/schema.org","@graph":[{"@type":"WebPage","@id":"https:\/\/corrosionx.com.br\/index.php\/empresa\/","url":"https:\/\/corrosionx.com.br\/index.php\/empresa\/","name":"Empresa - CorrosionX","isPartOf":{"@id":"https:\/\/corrosionx.com.br\/#website"},"datePublished":"2020-03-29T13:15:25+00:00","dateModified":"2020-03-29T13:15:56+00:00","breadcrumb":{"@id":"https:\/\/corrosionx.com.br\/index.php\/empresa\/#breadcrumb"},"inLanguage":"pt-BR","potentialAction":[{"@type":"ReadAction","target":["https:\/\/corrosionx.com.br\/index.php\/empresa\/"]}]},{"@type":"BreadcrumbList","@id":"https:\/\/corrosionx.com.br\/index.php\/empresa\/#breadcrumb","itemListElement":[{"@type":"ListItem","position":1,"name":"In\u00edcio","item":"https:\/\/corrosionx.com.br\/"},{"@type":"ListItem","position":2,"name":"Empresa"}]},{"@type":"WebSite","@id":"https:\/\/corrosionx.com.br\/#website","url":"https:\/\/corrosionx.com.br\/","name":"CorrosionX","description":"Lubrificante de alta performance","publisher":{"@id":"https:\/\/corrosionx.com.br\/#organization"},"potentialAction":[{"@type":"SearchAction","target":{"@type":"EntryPoint","urlTemplate":"https:\/\/corrosionx.com.br\/?s={search_term_string}"},"query-input":{"@type":"PropertyValueSpecification","valueRequired":true,"valueName":"search_term_string"}}],"inLanguage":"pt-BR"},{"@type":"Organization","@id":"https:\/\/corrosionx.com.br\/#organization","name":"CorrosionX","url":"https:\/\/corrosionx.com.br\/","logo":{"@type":"ImageObject","inLanguage":"pt-BR","@id":"https:\/\/corrosionx.com.br\/#\/schema\/logo\/image\/","url":"https:\/\/corrosionx.com.br\/wp-content\/uploads\/2020\/03\/logo-peq.jpg","contentUrl":"https:\/\/corrosionx.com.br\/wp-content\/uploads\/2020\/03\/logo-peq.jpg","width":220,"height":40,"caption":"CorrosionX"},"image":{"@id":"https:\/\/corrosionx.com.br\/#\/schema\/logo\/image\/"},"sameAs":["https:\/\/www.facebook.com\/CorrosionXBrasil","https:\/\/www.instagram.com\/corrosionx\/"]}]}},"_links":{"self":[{"href":"https:\/\/corrosionx.com.br\/index.php\/wp-json\/wp\/v2\/pages\/32","targetHints":{"allow":["GET"]}}],"collection":[{"href":"https:\/\/corrosionx.com.br\/index.php\/wp-json\/wp\/v2\/pages"}],"about":[{"href":"https:\/\/corrosionx.com.br\/index.php\/wp-json\/wp\/v2\/types\/page"}],"author":[{"embeddable":true,"href":"https:\/\/corrosionx.com.br\/index.php\/wp-json\/wp\/v2\/users\/1"}],"replies":[{"embeddable":true,"href":"https:\/\/corrosionx.com.br\/index.php\/wp-json\/wp\/v2\/comments?post=32"}],"version-history":[{"count":1,"href":"https:\/\/corrosionx.com.br\/index.php\/wp-json\/wp\/v2\/pages\/32\/revisions"}],"predecessor-version":[{"id":33,"href":"https:\/\/corrosionx.com.br\/index.php\/wp-json\/wp\/v2\/pages\/32\/revisions\/33"}],"wp:attachment":[{"href":"https:\/\/corrosionx.com.br\/index.php\/wp-json\/wp\/v2\/media?parent=32"}],"curies":[{"name":"wp","href":"https:\/\/api.w.org\/{rel}","templated":true}]}}